{"id":880,"date":"2023-11-17T16:14:25","date_gmt":"2023-11-17T16:14:25","guid":{"rendered":"https:\/\/the7.io\/elementor-product\/?page_id=880"},"modified":"2024-02-28T12:14:20","modified_gmt":"2024-02-28T12:14:20","slug":"terms-conditions","status":"publish","type":"page","link":"https:\/\/short-connection.com\/?page_id=880","title":{"rendered":"Pol\u00edtica de Sustentabilidade"},"content":{"rendered":"\t\t<div data-elementor-type=\"wp-page\" data-elementor-id=\"880\" class=\"elementor elementor-880\" data-elementor-post-type=\"page\">\n\t\t\t\t<div class=\"elementor-element elementor-element-4749dbc e-flex e-con-boxed e-con e-parent\" data-id=\"4749dbc\" data-element_type=\"container\" data-e-type=\"container\">\n\t\t\t\t\t<div class=\"e-con-inner\">\n\t\t\t\t<div class=\"elementor-element elementor-element-4f3d674 elementor-cta--skin-cover elementor-animated-content elementor-bg-transform elementor-bg-transform-zoom-in elementor-widget elementor-widget-call-to-action\" data-id=\"4f3d674\" data-element_type=\"widget\" data-e-type=\"widget\" data-widget_type=\"call-to-action.default\">\n\t\t\t\t<div class=\"elementor-widget-container\">\n\t\t\t\t\t\t\t<div class=\"elementor-cta\">\n\t\t\t\t\t<div class=\"elementor-cta__bg-wrapper\">\n\t\t\t\t<div class=\"elementor-cta__bg elementor-bg\" style=\"background-image: url(https:\/\/short-connection.com\/wp-content\/uploads\/2024\/02\/plantas.jpg);\" role=\"img\" aria-label=\"plantas\"><\/div>\n\t\t\t\t<div class=\"elementor-cta__bg-overlay\"><\/div>\n\t\t\t<\/div>\n\t\t\t\t\t\t\t<div class=\"elementor-cta__content\">\n\t\t\t\t\n\t\t\t\t\t\t\t\t\t<h2 class=\"elementor-cta__title elementor-cta__content-item elementor-content-item elementor-animated-item--grow\">\n\t\t\t\t\t\t\u201cA maior amea\u00e7a ao nosso planeta \u00e9 acreditar que outra pessoa o salvar\u00e1\u201d\t\t\t\t\t<\/h2>\n\t\t\t\t\n\t\t\t\t\n\t\t\t\t\t\t\t<\/div>\n\t\t\t\t\t\t<\/div>\n\t\t\t\t\t\t<\/div>\n\t\t\t\t<\/div>\n\t\t\t\t<div class=\"elementor-element elementor-element-11cc538 elementor-widget elementor-widget-text-editor\" data-id=\"11cc538\" data-element_type=\"widget\" data-e-type=\"widget\" data-widget_type=\"text-editor.default\">\n\t\t\t\t<div class=\"elementor-widget-container\">\n\t\t\t\t\t\t\t\t\t<h4>A NOSSA MISS\u00c3O<\/h4><p>A miss\u00e3o da Short Connection \u00e9 prestar um servi\u00e7o de excel\u00eancia e criar valor acrescentado aos seus clientes.<\/p><p>Entendemos que \u00e9 a nossa responsabilidade contribuir para uma sociedade mais sustent\u00e1vel a n\u00edvel econ\u00f3mico, social e ambiental, envolvendo os nossos colaboradores e os restantes parceiros neste mesmo objetivo.<\/p><p>Nesse sentido, estamos comprometidos com valores como o respeito \u00e0 \u00e9tica empresarial, a defesa dos direitos humanos e de condi\u00e7\u00f5es justas de trabalho, a promo\u00e7\u00e3o da diversidade e inclus\u00e3o e a prote\u00e7\u00e3o do meio ambiente, para alcan\u00e7ar o desenvolvimento sustent\u00e1vel e ajudar os nossos clientes a trabalhar com responsabilidade.<\/p><p>Tomamos a decis\u00e3o de nos envolver no processo de certifica\u00e7\u00e3o de sustentabilidade para aprender, aprimorar, implementar e promover boas pr\u00e1ticas de sustentabilidade nos aspetos sociais, ambientais e econ\u00f3micos do nosso neg\u00f3cio.<\/p><p>Vamos trabalhar e definir a\u00e7\u00f5es para maximizar os impactos positivos e minimizar os impactos negativos das nossas opera\u00e7\u00f5es.<\/p><p>Pretendemos influenciar positivamente, inspirar e igualmente respeitar com dignidade os nossos colaboradores, clientes, fornecedores e parceiros, e ser um exemplo de boas pr\u00e1ticas no nosso pa\u00eds e em toda a regi\u00e3o.<\/p><h4>POL\u00cdTICA<\/h4><p>Esta pol\u00edtica ser\u00e1 aplicada a todas as opera\u00e7\u00f5es, desde a gest\u00e3o at\u00e9 ao n\u00edvel executivo da nossa empresa.<\/p><p>Espera-se que funcion\u00e1rios, fornecedores e parceiros cumpram totalmente os objetivos desta pol\u00edtica, sempre que poss\u00edvel, dentro dos or\u00e7amentos vigentes.<\/p><p>Reconhecemos que temos influ\u00eancia limitada sobre terceiros.<\/p><p>Embora seja imposs\u00edvel controlar as decis\u00f5es dessas partes, comprometemo-nos a educ\u00e1-los sobre a nossa pol\u00edtica e a incentiv\u00e1-los a alinhar as pr\u00e1ticas operacionais com os objetivos da pol\u00edtica.<\/p><h4>GEST\u00c3O DA SUSTENTABILIDADE E CONFORMIDADE LEGAL<\/h4><p><strong>COMPROMETEMO-NOS A:<\/strong><\/p><p>Ter um coordenador de sustentabilidade ativo que tenha conclu\u00eddo a forma\u00e7\u00e3o e o exame b\u00e1sico de Sustentabilidade e seja respons\u00e1vel por acompanhar, reportar e implementar a pol\u00edtica de sustentabilidade e o plano de a\u00e7\u00e3o.<\/p><p>Definir e publicar publicamente a nossa declara\u00e7\u00e3o de miss\u00e3o e pol\u00edtica de sustentabilidade.<\/p><p>Realizar uma avalia\u00e7\u00e3o do desempenho da empresa em pr\u00e1ticas sustent\u00e1veis.<\/p><p>Garantir a transpar\u00eancia da empresa em sustentabilidade por meio de relat\u00f3rios e comunica\u00e7\u00f5es p\u00fablicas.<\/p><p>Envolver os funcion\u00e1rios no nosso plano de a\u00e7\u00e3o de sustentabilidade e garantir que eles tenham pleno conhecimento da nossa Pol\u00edtica de Sustentabilidade e se comprometam a implement\u00e1-la e aprimor\u00e1-la.<\/p><p>Cumprir toda a legisla\u00e7\u00e3o nacional.<\/p><h4>GEST\u00c3O SOCIAL INTERNA<\/h4><p><strong>COMPROMETEMO-NOS A:<\/strong><\/p><p>Conceder aos funcion\u00e1rios a liberdade de trabalho e rescis\u00e3o contratual com aviso pr\u00e9vio e sem penalidade.<\/p><p>Incluir no contrato de trabalho: condi\u00e7\u00f5es de trabalho conforme a legisla\u00e7\u00e3o nacional, descri\u00e7\u00e3o do cargo, sal\u00e1rio igual ou superior ao sal\u00e1rio m\u00ednimo nacional.<\/p><p>Determinar e compensar as horas extras de trabalho com base no contrato de trabalho.<\/p><p>Fornecer seguro m\u00e9dico e de responsabilidade civil conforme a legisla\u00e7\u00e3o nacional.<\/p><p>Oferecer oportunidades iguais relativamente ao recrutamento, condi\u00e7\u00f5es de emprego, acesso a forma\u00e7\u00e3o e cargos de chefia a todos os candidatos e n\u00e3o aplicar discrimina\u00e7\u00e3o relacionada a g\u00e9nero, ra\u00e7a, idade, defici\u00eancia, etnia, cren\u00e7a religiosa e orienta\u00e7\u00e3o sexual.<\/p><p>N\u00e3o dificultar a filia\u00e7\u00e3o sindical, as negocia\u00e7\u00f5es coletivas de trabalho e a representa\u00e7\u00e3o dos associados pelos sindicatos.<\/p><p>Ter uma pol\u00edtica de sa\u00fade e seguran\u00e7a que esteja conforme os padr\u00f5es legais nacionais.<\/p><p>Disponibilizar kits de primeiros socorros e pessoal com forma\u00e7\u00e3o dispon\u00edvel em todos os locais relevantes.<\/p><p>Respeitar os regulamentos nacionais relativos \u00e0 Idade M\u00ednima para Admiss\u00e3o ao Emprego.<\/p><p>Analisar regularmente a satisfa\u00e7\u00e3o e as reclama\u00e7\u00f5es dos funcion\u00e1rios e tomar medidas para melhorar.<\/p><p>Oferecer aos funcion\u00e1rios oportunidades de ganhar experi\u00eancia no seu trabalho e evoluir numa carreira dentro da empresa.<\/p><p>Criar oportunidades para os alunos participarem em est\u00e1gios.<br \/><br \/><\/p><h4>GEST\u00c3O AMBIENTAL INTERNA<\/h4><p><strong>COMPROMETEMO-NOS A:<\/strong><\/p><p>Reduzir ativamente e (quando poss\u00edvel) evitar o uso de bens de consumo e descart\u00e1veis.<\/p><p>Atuar para encontrar solu\u00e7\u00f5es e melhorar a nossa gest\u00e3o interna de res\u00edduos.<\/p><p>Cumprir a legisla\u00e7\u00e3o nacional relativa \u00e0 elimina\u00e7\u00e3o de res\u00edduos.<\/p><p>Implementar m\u00e9todos de redu\u00e7\u00e3o de res\u00edduos.<\/p><p>Exemplos<\/p><ul><li>Usamos toners recarreg\u00e1veis.<\/li><li>Privilegiamos o uso de copos, pratos e copos de vidro e cer\u00e2mica.<\/li><li>Imprimimos em papel ecol\u00f3gicos.<\/li><li>Temos uma pol\u00edtica de \u201csem papel\u201d.<\/li><li>Utilizamos c\u00e1psulas de papel, mais ecol\u00f3gicas e biodegrad\u00e1veis<\/li><li>Temos um recipiente para as c\u00e1psulas de caf\u00e9, recicladas pelo nosso fornecedor e utilizadas como adubo em alguns projetos agr\u00edcolas.<\/li><li>Temos um recipiente para reciclagem de baterias.<\/li><\/ul><p>Privilegiamos a compra e o uso de bens e servi\u00e7os sustent\u00e1veis.<\/p><h4>MEDIR, ACOMPANHAR E ENCONTRAR SOLU\u00c7\u00d5ES PARA REDUZIR O CONSUMO DE ENERGIA<\/h4><ul><li>Os sistemas de aquecimento e refrigera\u00e7\u00e3o s\u00e3o desligados quando os escrit\u00f3rios est\u00e3o fechados.<\/li><li>No escrit\u00f3rio, usamos apenas energia verde e ilumina\u00e7\u00e3o eficiente.<\/li><li>Configuramos todos os equipamentos no modo de economia de energia.<\/li><li>Privilegiamos os equipamentos de baixo consumo de energia e aqueles que oferecem a melhor rela\u00e7\u00e3o de custo e qualidade.<\/li><li>Privilegiamos o teletrabalho e as videoconfer\u00eancias, com vista \u00e0 redu\u00e7\u00e3o do impacto causado pelos transportes.<\/li><li>Facilitamos a partilha de transporte entre os nossos trabalhadores.<\/li><li>Fazemos uma manuten\u00e7\u00e3o adequada aos ve\u00edculos da empresa, para reduzir as emiss\u00f5es e o uso de energia e garantir que cumpram os padr\u00f5es legais de emiss\u00e3o.<\/li><\/ul><h4>MEDIR, ACOMPANHAR E ENCONTRAR SOLU\u00c7\u00d5ES PARA REDUZIR O CONSUMO DE \u00c1GUA<\/h4><ul><li>Os nossos escrit\u00f3rios est\u00e3o localizados num edif\u00edcio novo.<\/li><li>O nosso sistema de \u00e1gua \u00e9 moderno e configurado para minimizar o desperd\u00edcio de \u00e1gua doce.<\/li><li>Autoclismo com sistema de descarga dupla.<\/li><li>Acompanhamento das despesas em \u00e1gua e procura por poss\u00edveis melhorias.<\/li><li>Uso de fontes de \u00e1gua sustent\u00e1veis, que n\u00e3o afetem os fluxos de \u00e1<\/li><\/ul><p>Oferecemos forma\u00e7\u00e3o peri\u00f3dica a todos os funcion\u00e1rios, sobre os seus pap\u00e9is e responsabilidades relativamente \u00e0s pr\u00e1ticas ambientais internas.<\/p><h4>DEVIDO AO NOSSO TRABALHO EM LOG\u00cdSTICA E GEST\u00c3O DA CADEIA<\/h4><p><strong>COMPROMETEMO-NOS A:<\/strong><\/p><p>Selecionar as op\u00e7\u00f5es de transporte mais sustent\u00e1veis, tendo em considera\u00e7\u00e3o o pre\u00e7o e conforto.<\/p><ul><li>Considerar e dar prefer\u00eancia a alternativas mais sustent\u00e1veis ao selecionar op\u00e7\u00f5es de transporte para entregas.<\/li><\/ul><ul><li>Realizar rotas mais sustent\u00e1veis, reduzindo os km e consequente impacto da nossa pegada de carbono.<\/li><\/ul><p>At\u00e9 2025, ambicionamos ter pelo menos 30% da frota autom\u00f3vel com ve\u00edculos h\u00edbridos ou movidos a energias renov\u00e1veis.<\/p><h4>DEVIDO AO NOSSO TRABALHO EM ARMAZ\u00c9M<\/h4><p><strong>COMPROMETEMO-NOS A:<\/strong><\/p><ul><li>Utilizar fontes de ilumina\u00e7\u00e3o natural, como o sol, para reduzir a luz artificial e colocar luzes com sensores de movimento.<\/li><\/ul><ul><li>Aproveitar o nosso espa\u00e7o, n\u00e3o s\u00f3 para maximizar o armazenamento, mas tamb\u00e9m para reduzir os custos operacionais.<\/li><\/ul><ul><li>A embalagem \u00e9 um dos fatores-chave com os quais nos preocupamos. As nossas caixas t\u00eam o tamanho certo para mercadorias e produtos. Utilizamos materiais biodegrad\u00e1veis e reduzimos a embalagem pl\u00e1stica para minimizar o impacto.<\/li><\/ul><ul><li>Reutilizar as paletes. Estas s\u00e3o uma pe\u00e7a de embalagem que reutilizamos vezes sem conta.<\/li><\/ul><ul><li>Colocar recipientes para a separa\u00e7\u00e3o dos res\u00edduos e respetiva reciclagem em todo o armaz\u00e9m.<\/li><\/ul><ul><li>Temos um parceiro operador de res\u00edduos cuja atividade consiste na recolha, transporte e tratamento de res\u00edduos n\u00e3o perigosos que s\u00e3o armazenados e encaminhados para as respetivas empresas de reciclagem para produ\u00e7\u00e3o de novos bens.<\/li><\/ul><ul><li>O processo de destrui\u00e7\u00e3o \u00e9 confidencial.<\/li><\/ul><ul><li>Toda a opera\u00e7\u00e3o \u00e9 regularmente controlada por gestores de qualidade externos conforme as normas ISO 9001:2015.<\/li><\/ul><p>Quando as condi\u00e7\u00f5es t\u00e9cnicas o permitem, todos os materiais s\u00e3o reciclados como materiais industriais secund\u00e1rios.<\/p><h4>PARCEIROS E FORNECEDORES<\/h4><p><strong>COMPROMETEMO-NOS A:<\/strong><\/p><p>Informar os principais parceiros sobre os padr\u00f5es de sustentabilidade.<\/p><ul><li>Informar os principais parceiros sobre as pol\u00edticas de sustentabilidade da empresa e que se espera que as cumpram e as comuniquem aos clientes finais.<\/li><\/ul><ul><li>Incluir cl\u00e1usulas-chave de sustentabilidade nos contratos com parceiros subcontratados.<\/li><\/ul><p>Motivar os parceiros subcontratados a participar em forma\u00e7\u00e3o de sustentabilidade.<\/p><h4>CLIENTES<\/h4><p><strong>COMPROMETEMO-NOS A:<\/strong><\/p><p>Certificar que a privacidade do cliente n\u00e3o seja comprometida.<\/p><ul><li>Cumprir com os padr\u00f5es relevantes e c\u00f3digos de conduta volunt\u00e1rios nas comunica\u00e7\u00f5es de marketing e publicidade e n\u00e3o prometer mais do que \u00e9 entregue.<\/li><\/ul><ul><li>Informar os clientes sobre o impacto ambiental das diferentes op\u00e7\u00f5es de transporte para chegar ao seu RTM.<\/li><\/ul><ul><li>Informar o cliente sobre as alternativas sustent\u00e1veis de armazenamento, log\u00edstica e op\u00e7\u00f5es de transporte.<\/li><\/ul><ul><li>Medir sistematicamente a satisfa\u00e7\u00e3o dos clientes e ter em considera\u00e7\u00f5es os resultados, para melhorias de servi\u00e7os e produtos.<\/li><\/ul><ul><li>Incluir a sustentabilidade como parte integrante da pesquisa sobre a satisfa\u00e7\u00e3o do cliente.<\/li><\/ul><p>Promover diversidade e inclus\u00e3o para garantir os melhores resultados, tudo isso de acordo com os nossos clientes.<\/p>\t\t\t\t\t\t\t\t<\/div>\n\t\t\t\t<\/div>\n\t\t\t\t<div class=\"elementor-element elementor-element-3f7b78d elementor-widget elementor-widget-the7-heading\" data-id=\"3f7b78d\" data-element_type=\"widget\" data-e-type=\"widget\" data-widget_type=\"the7-heading.default\">\n\t\t\t\t<div class=\"elementor-widget-container\">\n\t\t\t\t\t<h2 class=\"the7-heading-title elementor-size-default\">Algo tem\nque mudar para\nproteger\na natureza.<\/h2>\t\t\t\t<\/div>\n\t\t\t\t<\/div>\n\t\t\t\t\t<\/div>\n\t\t\t\t<\/div>\n\t\t\t\t<\/div>\n\t\t","protected":false},"excerpt":{"rendered":"<p>\u201cA maior amea\u00e7a ao nosso planeta \u00e9 acreditar que outra pessoa o salvar\u00e1\u201d A NOSSA MISS\u00c3O A miss\u00e3o da Short Connection \u00e9 prestar um servi\u00e7o de excel\u00eancia e criar valor acrescentado aos seus clientes. Entendemos que \u00e9 a nossa responsabilidade contribuir para uma sociedade mais sustent\u00e1vel a n\u00edvel econ\u00f3mico, social e ambiental, envolvendo os nossos&hellip;<\/p>\n","protected":false},"author":1,"featured_media":0,"parent":0,"menu_order":60,"comment_status":"closed","ping_status":"closed","template":"","meta":{"_monsterinsights_skip_tracking":false,"_monsterinsights_sitenote_active":false,"_monsterinsights_sitenote_note":"","_monsterinsights_sitenote_category":0,"footnotes":""},"class_list":["post-880","page","type-page","status-publish","hentry"],"jetpack_sharing_enabled":true,"_links":{"self":[{"href":"https:\/\/short-connection.com\/index.php?rest_route=\/wp\/v2\/pages\/880","targetHints":{"allow":["GET"]}}],"collection":[{"href":"https:\/\/short-connection.com\/index.php?rest_route=\/wp\/v2\/pages"}],"about":[{"href":"https:\/\/short-connection.com\/index.php?rest_route=\/wp\/v2\/types\/page"}],"author":[{"embeddable":true,"href":"https:\/\/short-connection.com\/index.php?rest_route=\/wp\/v2\/users\/1"}],"replies":[{"embeddable":true,"href":"https:\/\/short-connection.com\/index.php?rest_route=%2Fwp%2Fv2%2Fcomments&post=880"}],"version-history":[{"count":4,"href":"https:\/\/short-connection.com\/index.php?rest_route=\/wp\/v2\/pages\/880\/revisions"}],"predecessor-version":[{"id":3572,"href":"https:\/\/short-connection.com\/index.php?rest_route=\/wp\/v2\/pages\/880\/revisions\/3572"}],"wp:attachment":[{"href":"https:\/\/short-connection.com\/index.php?rest_route=%2Fwp%2Fv2%2Fmedia&parent=880"}],"curies":[{"name":"wp","href":"https:\/\/api.w.org\/{rel}","templated":true}]}}